{"id":138,"date":"2013-06-05T21:16:46","date_gmt":"2013-06-05T20:16:46","guid":{"rendered":"http:\/\/www.h-evasion.ch\/?page_id=138"},"modified":"2023-06-19T16:13:26","modified_gmt":"2023-06-19T15:13:26","slug":"plan-damenagement","status":"publish","type":"page","link":"http:\/\/www.h-evasion.ch\/?page_id=138","title":{"rendered":"Plan d&rsquo;am\u00e9nagement d&rsquo;un futur v\u00e9hicule"},"content":{"rendered":"<p>&nbsp;<\/p>\n<p>Le plan d\u2019am\u00e9nagement pr\u00e9voit de r\u00e9unir les sp\u00e9cificit\u00e9s suivantes&nbsp;:<\/p>\n<ul>\n<li>Capacit\u00e9 d\u2019h\u00e9bergement pour 9 personnes dont quatre en situation de mobilit\u00e9 r\u00e9duite (4 personnes utilisant une chaise roulante), quatre accompagnants et un chauffeur.<\/li>\n<li>Une cuisine sp\u00e9cialement adapt\u00e9e pour permettre \u00e0 toutes personnes, y compris celles utilisant une chaise roulante de confectionner un repas.<\/li>\n<li>Deux lits \u00e9lectriques avec un espace environnant suffisant accessible avec des moyens auxiliaires. Possibilit\u00e9 pour un professionnel de prodiguer des soins par les deux c\u00f4t\u00e9 du lit.<\/li>\n<li>&nbsp;Des sanitaires sans seuils et adapt\u00e9s pour permettre l\u2019acc\u00e8s avec une chaise.<\/li>\n<li>Une plate forme \u00e9l\u00e9vatrice pour acc\u00e9der \u00e0 l\u2019int\u00e9rieur du v\u00e9hicule.<\/li>\n<li>Un \u00ab&nbsp;garage&nbsp;\u00bb permettant d\u2019emporter plusieurs chaises roulantes, scooters \u00e9lectriques ou autres mat\u00e9riels.<\/li>\n<\/ul>\n<p><a href=\"http:\/\/www.h-evasion.ch\/wp-content\/uploads\/2013\/03\/VolknerWallOut_1SlideBis.jpg\"><img loading=\"lazy\" decoding=\"async\" class=\"aligncenter size-full wp-image-127\" alt=\"VolknerWallOut_1SlideBis\" src=\"http:\/\/www.h-evasion.ch\/wp-content\/uploads\/2013\/03\/VolknerWallOut_1SlideBis.jpg\" width=\"640\" height=\"480\" srcset=\"http:\/\/www.h-evasion.ch\/wp-content\/uploads\/2013\/03\/VolknerWallOut_1SlideBis.jpg 640w, http:\/\/www.h-evasion.ch\/wp-content\/uploads\/2013\/03\/VolknerWallOut_1SlideBis-300x225.jpg 300w, http:\/\/www.h-evasion.ch\/wp-content\/uploads\/2013\/03\/VolknerWallOut_1SlideBis-400x300.jpg 400w\" sizes=\"auto, (max-width: 640px) 100vw, 640px\" \/><\/a><\/p>\n\n\n<figure class=\"wp-block-image size-full is-resized\"><a href=\"http:\/\/www.h-evasion.ch\/wp-content\/uploads\/2023\/05\/HEvasion_Logo-deg-RVB.png\"><img loading=\"lazy\" decoding=\"async\" src=\"http:\/\/www.h-evasion.ch\/wp-content\/uploads\/2023\/05\/HEvasion_Logo-deg-RVB.png\" alt=\"\" class=\"wp-image-308\" width=\"124\" height=\"92\"\/><\/a><\/figure>\n","protected":false},"excerpt":{"rendered":"<p>&nbsp; Le plan d\u2019am\u00e9nagement pr\u00e9voit de r\u00e9unir les sp\u00e9cificit\u00e9s suivantes&nbsp;: Capacit\u00e9 d\u2019h\u00e9bergement pour 9 personnes dont quatre en situation de mobilit\u00e9 r\u00e9duite (4 personnes utilisant une chaise roulante), quatre accompagnants et un chauffeur. Une cuisine sp\u00e9cialement adapt\u00e9e pour permettre \u00e0 &hellip; <a href=\"http:\/\/www.h-evasion.ch\/?page_id=138\">Continuer la lecture <span class=\"meta-nav\">&rarr;<\/span><\/a><\/p>\n","protected":false},"author":1,"featured_media":0,"parent":0,"menu_order":0,"comment_status":"closed","ping_status":"closed","template":"","meta":{"footnotes":""},"class_list":["post-138","page","type-page","status-publish","hentry"],"_links":{"self":[{"href":"http:\/\/www.h-evasion.ch\/index.php?rest_route=\/wp\/v2\/pages\/138","targetHints":{"allow":["GET"]}}],"collection":[{"href":"http:\/\/www.h-evasion.ch\/index.php?rest_route=\/wp\/v2\/pages"}],"about":[{"href":"http:\/\/www.h-evasion.ch\/index.php?rest_route=\/wp\/v2\/types\/page"}],"author":[{"embeddable":true,"href":"http:\/\/www.h-evasion.ch\/index.php?rest_route=\/wp\/v2\/users\/1"}],"replies":[{"embeddable":true,"href":"http:\/\/www.h-evasion.ch\/index.php?rest_route=%2Fwp%2Fv2%2Fcomments&post=138"}],"version-history":[{"count":10,"href":"http:\/\/www.h-evasion.ch\/index.php?rest_route=\/wp\/v2\/pages\/138\/revisions"}],"predecessor-version":[{"id":348,"href":"http:\/\/www.h-evasion.ch\/index.php?rest_route=\/wp\/v2\/pages\/138\/revisions\/348"}],"wp:attachment":[{"href":"http:\/\/www.h-evasion.ch\/index.php?rest_route=%2Fwp%2Fv2%2Fmedia&parent=138"}],"curies":[{"name":"wp","href":"https:\/\/api.w.org\/{rel}","templated":true}]}}