{"id":223,"date":"2022-06-08T11:12:25","date_gmt":"2022-06-08T10:12:25","guid":{"rendered":"http:\/\/www.h-evasion.ch\/?page_id=223"},"modified":"2023-06-19T16:14:24","modified_gmt":"2023-06-19T15:14:24","slug":"vous-souhaitez-soutenir-cette-activite","status":"publish","type":"page","link":"https:\/\/www.h-evasion.ch\/?page_id=223","title":{"rendered":"Vous souhaitez soutenir cette activit\u00e9\u00a0?"},"content":{"rendered":"\n<p class=\"has-text-align-center\"><strong>&#8230;.Quelqu&rsquo;un conna\u00eet peut-\u00eatre quelqu&rsquo;un qui&#8230;.<\/strong><\/p>\n\n\n\n<ul class=\"wp-block-list\">\n<li>Souhaiterais b\u00e9n\u00e9ficier de cette prestation<\/li>\n\n\n\n<li>S&rsquo;engager dans l&rsquo;aventure<\/li>\n\n\n\n<li>Soutenir financi\u00e8rement l&rsquo;activit\u00e9<\/li>\n<\/ul>\n\n\n\n<p><strong>&#8230;.Alors<\/strong><\/p>\n\n\n\n<ul class=\"wp-block-list\">\n<li>Parlez de cette aventure \u00e0 vos amis, votre famille, vos voisins&#8230;.<\/li>\n\n\n\n<li>Diffuser l&rsquo;adresse du site internet sur vos r\u00e9seaux sociaux..<\/li>\n<\/ul>\n\n\n\n<p><strong>&#8230;.Devenez b\u00e9n\u00e9vole en accordant un peu de votre temps pour<\/strong><\/p>\n\n\n\n<ul class=\"wp-block-list\">\n<li>R\u00e9aliser des travaux d&rsquo;entretien et d&rsquo;am\u00e9nagement sur les v\u00e9hicules<\/li>\n\n\n\n<li>Faire la promotion de cette activit\u00e9<\/li>\n\n\n\n<li>Planifier des loisirs<\/li>\n\n\n\n<li>Participer \u00e0 un s\u00e9jour en tant qu&rsquo;accompagnant et ou chauffeur<\/li>\n\n\n\n<li>Rechercher des financements<\/li>\n<\/ul>\n\n\n\n<blockquote class=\"wp-block-quote has-text-align-center is-layout-flow wp-block-quote-is-layout-flow\">\n<p>Afin de garantir la bonne facture des prestations, il est attendu de la part des b\u00e9n\u00e9voles des habilet\u00e9s confirm\u00e9es dans le domaine d&rsquo;activit\u00e9 souhait\u00e9.<\/p>\n<\/blockquote>\n\n\n\n<p><strong>&#8230;..Faire un don<\/strong><\/p>\n\n\n\n<ul class=\"wp-block-list\">\n<li>Par Twint \u00ab&nbsp;<strong>+<\/strong>41763456011<strong>&nbsp;\u00bb<\/strong><\/li>\n\n\n\n<li>Compte IBAN&nbsp;: CH20 8080 8009 3846 4993 1<\/li>\n<\/ul>\n\n\n\n<figure class=\"wp-block-image size-full is-resized\"><a href=\"http:\/\/www.h-evasion.ch\/wp-content\/uploads\/2023\/05\/HEvasion_Logo-deg-RVB.png\"><img loading=\"lazy\" decoding=\"async\" src=\"http:\/\/www.h-evasion.ch\/wp-content\/uploads\/2023\/05\/HEvasion_Logo-deg-RVB.png\" alt=\"\" class=\"wp-image-308\" width=\"109\" height=\"81\"\/><\/a><\/figure>\n","protected":false},"excerpt":{"rendered":"<p>&#8230;.Quelqu&rsquo;un conna\u00eet peut-\u00eatre quelqu&rsquo;un qui&#8230;. &#8230;.Alors &#8230;.Devenez b\u00e9n\u00e9vole en accordant un peu de votre temps pour Afin de garantir la bonne facture des prestations, il est attendu de la part des b\u00e9n\u00e9voles des habilet\u00e9s confirm\u00e9es dans le domaine d&rsquo;activit\u00e9 souhait\u00e9. &hellip; <a href=\"https:\/\/www.h-evasion.ch\/?page_id=223\">Continuer la lecture <span class=\"meta-nav\">&rarr;<\/span><\/a><\/p>\n","protected":false},"author":1,"featured_media":0,"parent":0,"menu_order":0,"comment_status":"closed","ping_status":"closed","template":"","meta":{"footnotes":""},"class_list":["post-223","page","type-page","status-publish","hentry"],"_links":{"self":[{"href":"https:\/\/www.h-evasion.ch\/index.php?rest_route=\/wp\/v2\/pages\/223","targetHints":{"allow":["GET"]}}],"collection":[{"href":"https:\/\/www.h-evasion.ch\/index.php?rest_route=\/wp\/v2\/pages"}],"about":[{"href":"https:\/\/www.h-evasion.ch\/index.php?rest_route=\/wp\/v2\/types\/page"}],"author":[{"embeddable":true,"href":"https:\/\/www.h-evasion.ch\/index.php?rest_route=\/wp\/v2\/users\/1"}],"replies":[{"embeddable":true,"href":"https:\/\/www.h-evasion.ch\/index.php?rest_route=%2Fwp%2Fv2%2Fcomments&post=223"}],"version-history":[{"count":3,"href":"https:\/\/www.h-evasion.ch\/index.php?rest_route=\/wp\/v2\/pages\/223\/revisions"}],"predecessor-version":[{"id":350,"href":"https:\/\/www.h-evasion.ch\/index.php?rest_route=\/wp\/v2\/pages\/223\/revisions\/350"}],"wp:attachment":[{"href":"https:\/\/www.h-evasion.ch\/index.php?rest_route=%2Fwp%2Fv2%2Fmedia&parent=223"}],"curies":[{"name":"wp","href":"https:\/\/api.w.org\/{rel}","templated":true}]}}